{"id":36,"date":"2025-10-14T12:33:42","date_gmt":"2025-10-14T10:33:42","guid":{"rendered":"https:\/\/localhost\/wordpress\/?page_id=36"},"modified":"2026-01-06T11:44:08","modified_gmt":"2026-01-06T10:44:08","slug":"geraete","status":"publish","type":"page","link":"https:\/\/stage.therapiezentrum-schubert.de\/?page_id=36","title":{"rendered":"Fitness"},"content":{"rendered":"\n<div class=\"wp-block-group alignwide has-global-padding is-layout-constrained wp-block-group-is-layout-constrained\" id=\"MILON\">\n<div style=\"height:23px\" aria-hidden=\"true\" class=\"wp-block-spacer\"><\/div>\n\n\n\n<div class=\"wp-block-group r-spacing wow animate__animated animate__fadeInUp has-global-padding is-layout-constrained wp-container-core-group-is-layout-9e277222 wp-block-group-is-layout-constrained\" style=\"margin-top:0;margin-bottom:100px;padding-right:20px;padding-left:20px\">\n<div class=\"wp-block-columns are-vertically-aligned-center is-layout-flex wp-container-core-columns-is-layout-3fedb30a wp-block-columns-is-layout-flex\">\n<div class=\"wp-block-column is-vertically-aligned-center is-layout-flow wp-block-column-is-layout-flow\">\n<div class=\"wp-block-cover is-light r-cover\" style=\"border-radius:20px;min-height:550px;aspect-ratio:unset;\"><img loading=\"lazy\" decoding=\"async\" width=\"1897\" height=\"956\" class=\"wp-block-cover__image-background wp-image-33 size-full\" alt=\"\" src=\"https:\/\/stage.therapiezentrum-schubert.de\/wp-content\/uploads\/2025\/10\/Header_milonQ_hip_dip.png\" data-object-fit=\"cover\"\/><span aria-hidden=\"true\" class=\"wp-block-cover__background has-background-dim-0 has-background-dim\"><\/span><div class=\"wp-block-cover__inner-container has-global-padding is-layout-constrained wp-block-cover-is-layout-constrained\">\n<p class=\"has-text-align-center has-large-font-size\"><\/p>\n<\/div><\/div>\n<\/div>\n\n\n\n<div class=\"wp-block-column is-vertically-aligned-center is-layout-flow wp-block-column-is-layout-flow\">\n<h2 class=\"wp-block-heading has-text-align-left has-secondary-color has-text-color has-link-color wp-elements-b9798de3e5828803a0b72df015608679\" style=\"margin-top:0;margin-bottom:40px;font-size:clamp(23.54px, 1.471rem + ((1vw - 3.2px) * 1.578), 39px);font-style:normal;font-weight:400;line-height:1.3\">MILON Kraft &#8211; und Kraftausdauerzirkel<\/h2>\n\n\n\n<p style=\"margin-top:0\">Der Milon-Zirkel ist ein Ganzk\u00f6rper-Trainingssystem, das Kraft- und Ausdauertraining kombiniert und auf einem Chipkarte gespeicherten, pers\u00f6nlichen Einstellungen basiert.&nbsp;Die Hightech-Ger\u00e4te stellen sich automatisch ein, was Trainingseffizienz und Sicherheit erh\u00f6ht und das Training auch f\u00fcr Anf\u00e4nger geeignet macht.&nbsp;Ein Durchgang im Kraft-Ausdauer-Zirkel dauert nur etwa 17,5 Minuten und kombiniert Kraft- und Ausdauer\u00fcbungen, w\u00e4hrend es f\u00fcr den reinen Muskelaufbau auch einen separaten Kraft-Zirkel gibt.<\/p>\n<\/div>\n<\/div>\n<\/div>\n\n\n\n<div class=\"wp-block-group has-base-background-color has-background has-global-padding is-layout-constrained wp-block-group-is-layout-constrained\">\n<h2 class=\"wp-block-heading has-secondary-color has-text-color has-link-color wp-elements-b01b86e6a754a72a89a2fbf23a5421a9\" style=\"font-size:clamp(23.54px, 1.471rem + ((1vw - 3.2px) * 1.578), 39px);line-height:1.4\"><strong>MILON &#8211; ZIRKEL<\/strong><\/h2>\n\n\n\n<div class=\"wp-block-columns is-layout-flex wp-container-core-columns-is-layout-28f84493 wp-block-columns-is-layout-flex\">\n<div class=\"wp-block-column is-layout-flow wp-block-column-is-layout-flow\">\n<p style=\"font-size:clamp(14px, 0.875rem + ((1vw - 3.2px) * 0.408), 18px);px\">Der <strong>MILON-Zirkel<\/strong> besteht aus einer Reihe von Ger\u00e4ten (meist 8\u201312), die in einer festen Reihenfolge angeordnet sind.<\/p>\n\n\n\n<p>Jede \u00dcbung dauert etwa <strong>1 Minute<\/strong>, gefolgt von <strong>30 Sekunden Ger\u00e4tewechselzeit<\/strong>.<\/p>\n\n\n\n<p style=\"font-size:clamp(14px, 0.875rem + ((1vw - 3.2px) * 0.408), 18px);px\">Ein kompletter Durchgang dauert also <strong>ca. 17\u201320 Minuten<\/strong>, zwei Runden etwa <strong>35\u201340 Minuten<\/strong> \u2013 ein komplettes Ganzk\u00f6rpertraining in kurzer Zeit..<\/p>\n<\/div>\n\n\n\n<div class=\"wp-block-column is-layout-flow wp-block-column-is-layout-flow\">\n<p style=\"font-size:clamp(14px, 0.875rem + ((1vw - 3.2px) * 0.408), 18px);px\">Jedes Ger\u00e4t ist <strong>chipkarten- oder armbandgesteuert<\/strong> (z. B. Milon Smart Card oder Milonizer Armband).<\/p>\n\n\n\n<p>Die Ger\u00e4te stellen sich <strong>automatisch<\/strong> auf den Nutzer ein \u2013 Sitzh\u00f6he, Hebel, Gewichte, Widerstand usw.<\/p>\n\n\n\n<p style=\"font-size:clamp(14px, 0.875rem + ((1vw - 3.2px) * 0.408), 18px);px\">Der Trainingsverlauf wird <strong>digital gespeichert und ausgewertet<\/strong> (z. B. Trainingsfortschritt, Belastung, Herzfrequenz).<\/p>\n<\/div>\n<\/div>\n<\/div>\n\n\n\n<div class=\"wp-block-group has-base-background-color has-background has-global-padding is-content-justification-left is-layout-constrained wp-container-core-group-is-layout-12dd3699 wp-block-group-is-layout-constrained\">\n<div class=\"wp-block-columns is-layout-flex wp-container-core-columns-is-layout-28f84493 wp-block-columns-is-layout-flex\">\n<div class=\"wp-block-column is-layout-flow wp-block-column-is-layout-flow\">\n<h2 class=\"wp-block-heading has-secondary-color has-text-color has-link-color wp-elements-716ef3d5873f472236924682f9ef0d2c\">Kraft-Ausdauerzirkel<\/h2>\n<\/div>\n\n\n\n<div class=\"wp-block-column is-layout-flow wp-block-column-is-layout-flow\">\n<h2 class=\"wp-block-heading has-secondary-color has-text-color has-link-color wp-elements-0f561b9ba191f3304a7bf8607aaf3b03\">Kraftzirkel<\/h2>\n<\/div>\n<\/div>\n\n\n\n<figure class=\"wp-block-gallery alignwide has-nested-images columns-default is-cropped wp-block-gallery-3 is-layout-flex wp-block-gallery-is-layout-flex\">\n<figure class=\"wp-block-image alignleft size-full is-style-rounded is-style-rounded--1\"><img loading=\"lazy\" decoding=\"async\" width=\"1080\" height=\"1334\" data-id=\"89\" src=\"https:\/\/stage.therapiezentrum-schubert.de\/wp-content\/uploads\/2025\/10\/Screenshot_20251015_083739_Instagram.jpg\" alt=\"\" class=\"wp-image-89\"\/><\/figure>\n\n\n\n<figure class=\"wp-block-image alignright size-full is-style-rounded is-style-rounded--2\"><img loading=\"lazy\" decoding=\"async\" width=\"1074\" height=\"1339\" data-id=\"90\" src=\"https:\/\/stage.therapiezentrum-schubert.de\/wp-content\/uploads\/2025\/10\/Screenshot_20251015_083758_Instagram.jpg\" alt=\"\" class=\"wp-image-90\"\/><\/figure>\n<\/figure>\n<\/div>\n<\/div>\n\n\n\n<div class=\"wp-block-columns is-layout-flex wp-container-core-columns-is-layout-28f84493 wp-block-columns-is-layout-flex\">\n<div class=\"wp-block-column is-layout-flow wp-block-column-is-layout-flow\">\n<h3 class=\"wp-block-heading\"><strong>MILON Kraft-Ausdauer-Zirkel \u2013 Dein Training. Deine Zeit. Dein Erfolg.<\/strong><\/h3>\n\n\n\n<p>Erlebe ein hocheffizientes Ganzk\u00f6rpertraining im <strong>milon Kraft-Ausdauer-Zirkel<\/strong>! In nur <strong>30\u201340 Minuten<\/strong> verbindest du gezielten Muskelaufbau mit effektivem Ausdauertraining \u2013 perfekt f\u00fcr alle, die maximale Ergebnisse bei minimalem Zeitaufwand erzielen m\u00f6chten.<\/p>\n\n\n\n<p>Der computergesteuerte Zirkel f\u00fchrt dich sicher und strukturiert durch modernste Kraft- und Cardioger\u00e4te. Dank individuell eingestellter Widerst\u00e4nde und optimal abgestimmter Belastungszeiten trainierst du immer genau auf deinem pers\u00f6nlichen Leistungsniveau \u2013 einfach einsteigen und loslegen!<\/p>\n\n\n\n<p><strong>Warum milon?<\/strong><\/p>\n\n\n\n<ul class=\"wp-block-list\">\n<li>\ud83d\udd25 Effektives Fettverbrennungs- &amp; Stoffwechseltraining<\/li>\n\n\n\n<li>\ud83d\udcaa Straffung und Kr\u00e4ftigung des gesamten K\u00f6rpers<\/li>\n\n\n\n<li>\u2764\ufe0f St\u00e4rkung von Herz-Kreislauf und Ausdauer<\/li>\n\n\n\n<li>\u23f1 Zeitsparend &amp; perfekt in jeden Alltag integrierbar<\/li>\n\n\n\n<li>\u2705 Sicher, gelenkschonend &amp; f\u00fcr jedes Fitnesslevel geeignet<\/li>\n<\/ul>\n\n\n\n<p>Ob Einsteiger oder Fortgeschrittener \u2013 der <strong>milon Kraft-Ausdauer-Zirkel<\/strong> bringt dich schnell, sicher und messbar an dein Ziel. <strong>Starte jetzt durch und sp\u00fcre den Unterschied!<\/strong><\/p>\n<\/div>\n\n\n\n<div class=\"wp-block-column is-layout-flow wp-block-column-is-layout-flow\">\n<h3 class=\"wp-block-heading\"><strong>MILON Kraftzirkel \u2013 Smarter Muskelaufbau in Rekordzeit<\/strong><\/h3>\n\n\n\n<p>Der <strong>milon Kraftzirkel<\/strong> ist dein Schl\u00fcssel zu effektivem, sicherem und zeitsparendem Muskeltraining. Modernste, computergesteuerte Kraftger\u00e4te passen sich automatisch an dich an und erm\u00f6glichen ein perfekt abgestimmtes Ganzk\u00f6rpertraining \u2013 ganz ohne Einstellstress.<\/p>\n\n\n\n<p>In nur <strong>30 Minuten<\/strong> trainierst du alle gro\u00dfen Muskelgruppen, verbesserst deine Kraft, Haltung und Stabilit\u00e4t und bringst deinen K\u00f6rper nachhaltig in Form. Ob Einsteiger oder Fortgeschrittener: Der milon Kraftzirkel bietet maximale Trainingserfolge bei minimalem Zeitaufwand.<\/p>\n\n\n\n<p><strong>Deine Vorteile auf einen Blick:<\/strong><\/p>\n\n\n\n<ul class=\"wp-block-list\">\n<li>\ud83d\udcaa Ganzk\u00f6rper-Krafttraining an intelligenten Ger\u00e4ten<\/li>\n\n\n\n<li>\u2699\ufe0f Automatische Ger\u00e4teeinstellungen f\u00fcr optimale Trainingsqualit\u00e4t<\/li>\n\n\n\n<li>\u23f1 Zeitsparend &amp; effizient \u2013 ideal f\u00fcr einen aktiven Alltag<\/li>\n\n\n\n<li>\ud83e\uddb4 Gelenkschonend &amp; sicher<\/li>\n\n\n\n<li>\ud83d\udcc8 Messbare Fortschritte &amp; motivierendes Training<\/li>\n<\/ul>\n\n\n\n<p><strong>Einsteigen. Durchstarten. St\u00e4rker werden.<\/strong><br>Der <strong>milon Kraftzirkel<\/strong> macht professionelles Krafttraining einfacher und effektiver als je zuvor.<\/p>\n<\/div>\n<\/div>\n","protected":false},"excerpt":{"rendered":"<p>MILON Kraft &#8211; und Kraftausdauerzirkel Der Milon-Zirkel ist ein Ganzk\u00f6rper-Trainingssystem, das Kraft- und Ausdauertraining kombiniert und auf einem Chipkarte gespeicherten, pers\u00f6nlichen Einstellungen basiert.&nbsp;Die Hightech-Ger\u00e4te stellen sich automatisch ein, was Trainingseffizienz und Sicherheit erh\u00f6ht und das Training auch f\u00fcr Anf\u00e4nger geeignet macht.&nbsp;Ein Durchgang im Kraft-Ausdauer-Zirkel dauert nur etwa 17,5 Minuten und kombiniert Kraft- und Ausdauer\u00fcbungen, w\u00e4hrend [&hellip;]<\/p>\n","protected":false},"author":1,"featured_media":0,"parent":0,"menu_order":0,"comment_status":"closed","ping_status":"closed","template":"","meta":{"_uag_custom_page_level_css":"","footnotes":""},"class_list":["post-36","page","type-page","status-publish","hentry"],"uagb_featured_image_src":{"full":false,"thumbnail":false,"medium":false,"medium_large":false,"large":false,"1536x1536":false,"2048x2048":false},"uagb_author_info":{"display_name":"Admin","author_link":"https:\/\/stage.therapiezentrum-schubert.de\/?author=1"},"uagb_comment_info":0,"uagb_excerpt":"MILON Kraft &#8211; und Kraftausdauerzirkel Der Milon-Zirkel ist ein Ganzk\u00f6rper-Trainingssystem, das Kraft- und Ausdauertraining kombiniert und auf einem Chipkarte gespeicherten, pers\u00f6nlichen Einstellungen basiert.&nbsp;Die Hightech-Ger\u00e4te stellen sich automatisch ein, was Trainingseffizienz und Sicherheit erh\u00f6ht und das Training auch f\u00fcr Anf\u00e4nger geeignet macht.&nbsp;Ein Durchgang im Kraft-Ausdauer-Zirkel dauert nur etwa 17,5 Minuten und kombiniert Kraft- und Ausdauer\u00fcbungen, w\u00e4hrend&hellip;","_links":{"self":[{"href":"https:\/\/stage.therapiezentrum-schubert.de\/index.php?rest_route=\/wp\/v2\/pages\/36","targetHints":{"allow":["GET"]}}],"collection":[{"href":"https:\/\/stage.therapiezentrum-schubert.de\/index.php?rest_route=\/wp\/v2\/pages"}],"about":[{"href":"https:\/\/stage.therapiezentrum-schubert.de\/index.php?rest_route=\/wp\/v2\/types\/page"}],"author":[{"embeddable":true,"href":"https:\/\/stage.therapiezentrum-schubert.de\/index.php?rest_route=\/wp\/v2\/users\/1"}],"replies":[{"embeddable":true,"href":"https:\/\/stage.therapiezentrum-schubert.de\/index.php?rest_route=%2Fwp%2Fv2%2Fcomments&post=36"}],"version-history":[{"count":17,"href":"https:\/\/stage.therapiezentrum-schubert.de\/index.php?rest_route=\/wp\/v2\/pages\/36\/revisions"}],"predecessor-version":[{"id":496,"href":"https:\/\/stage.therapiezentrum-schubert.de\/index.php?rest_route=\/wp\/v2\/pages\/36\/revisions\/496"}],"wp:attachment":[{"href":"https:\/\/stage.therapiezentrum-schubert.de\/index.php?rest_route=%2Fwp%2Fv2%2Fmedia&parent=36"}],"curies":[{"name":"wp","href":"https:\/\/api.w.org\/{rel}","templated":true}]}}