{"id":13,"date":"2025-10-14T12:28:38","date_gmt":"2025-10-14T10:28:38","guid":{"rendered":"https:\/\/localhost\/wordpress\/?page_id=13"},"modified":"2025-10-20T18:40:11","modified_gmt":"2025-10-20T16:40:11","slug":"startseite","status":"publish","type":"page","link":"https:\/\/stage.therapiezentrum-schubert.de\/","title":{"rendered":"Physiotherapie"},"content":{"rendered":"\n<p>Willkommen auf deiner Website! Das ist die Homepage, die die meisten deiner Besucher sehen werden, wenn sie deine Website zum ersten Mal aufrufen.<\/p>\n\n\n\n<h2 class=\"wp-block-heading\">Wir sind das Therapiezentrum Schubert<\/h2>\n\n\n\n<p>Uns geht es darum, Ihre Lebensqualit\u00e4t zu steigern und nicht um das Erreichen von sportlichen H\u00f6chstleistungen! Die richtige Mischung von Anstrengung und Wohlf\u00fchlen w\u00e4hrend des Trainings f\u00fcr Sie zu finden ist unser Ziel! Lassen Sie sich noch heute von uns beraten.<\/p>\n\n\n\n<h2 class=\"wp-block-heading\">Wir w\u00fcnschen Ihnen viel Gesundheit<\/h2>\n","protected":false},"excerpt":{"rendered":"<p>Willkommen auf deiner Website! Das ist die Homepage, die die meisten deiner Besucher sehen werden, wenn sie deine Website zum ersten Mal aufrufen. Wir sind das Therapiezentrum Schubert Uns geht es darum, Ihre Lebensqualit\u00e4t zu steigern und nicht um das Erreichen von sportlichen H\u00f6chstleistungen! Die richtige Mischung von Anstrengung und Wohlf\u00fchlen w\u00e4hrend des Trainings f\u00fcr [&hellip;]<\/p>\n","protected":false},"author":1,"featured_media":0,"parent":0,"menu_order":0,"comment_status":"closed","ping_status":"closed","template":"","meta":{"_uag_custom_page_level_css":"","footnotes":""},"class_list":["post-13","page","type-page","status-publish","hentry"],"uagb_featured_image_src":{"full":false,"thumbnail":false,"medium":false,"medium_large":false,"large":false,"1536x1536":false,"2048x2048":false},"uagb_author_info":{"display_name":"Admin","author_link":"https:\/\/stage.therapiezentrum-schubert.de\/?author=1"},"uagb_comment_info":0,"uagb_excerpt":"Willkommen auf deiner Website! Das ist die Homepage, die die meisten deiner Besucher sehen werden, wenn sie deine Website zum ersten Mal aufrufen. Wir sind das Therapiezentrum Schubert Uns geht es darum, Ihre Lebensqualit\u00e4t zu steigern und nicht um das Erreichen von sportlichen H\u00f6chstleistungen! Die richtige Mischung von Anstrengung und Wohlf\u00fchlen w\u00e4hrend des Trainings f\u00fcr&hellip;","_links":{"self":[{"href":"https:\/\/stage.therapiezentrum-schubert.de\/index.php?rest_route=\/wp\/v2\/pages\/13","targetHints":{"allow":["GET"]}}],"collection":[{"href":"https:\/\/stage.therapiezentrum-schubert.de\/index.php?rest_route=\/wp\/v2\/pages"}],"about":[{"href":"https:\/\/stage.therapiezentrum-schubert.de\/index.php?rest_route=\/wp\/v2\/types\/page"}],"author":[{"embeddable":true,"href":"https:\/\/stage.therapiezentrum-schubert.de\/index.php?rest_route=\/wp\/v2\/users\/1"}],"replies":[{"embeddable":true,"href":"https:\/\/stage.therapiezentrum-schubert.de\/index.php?rest_route=%2Fwp%2Fv2%2Fcomments&post=13"}],"version-history":[{"count":4,"href":"https:\/\/stage.therapiezentrum-schubert.de\/index.php?rest_route=\/wp\/v2\/pages\/13\/revisions"}],"predecessor-version":[{"id":363,"href":"https:\/\/stage.therapiezentrum-schubert.de\/index.php?rest_route=\/wp\/v2\/pages\/13\/revisions\/363"}],"wp:attachment":[{"href":"https:\/\/stage.therapiezentrum-schubert.de\/index.php?rest_route=%2Fwp%2Fv2%2Fmedia&parent=13"}],"curies":[{"name":"wp","href":"https:\/\/api.w.org\/{rel}","templated":true}]}}